 of 4218?
8
What is the hundreds digit of 832?
8
What is the units digit of 9885?
5
What is the hundreds digit of 31909?
9
What is the units digit of 16169?
9
What is the tens digit of 6038?
3
What is the units digit of 2141?
1
What is the ten thousands digit of 47343?
4
What is the units digit of 19923?
3
What is the units digit of 644?
4
What is the tens digit of 349?
4
What is the thousands digit of 5594?
5
What is the thousands digit of 154623?
4
What is the units digit of 40537?
7
What is the units digit of 6540?
0
What is the thousands digit of 3845?
3
What is the ten thousands digit of 10045?
1
What is the hundreds digit of 14293?
2
What is the tens digit of 75?
7
What is the units digit of 4835?
5
What is the hundreds digit of 3405?
4
What is the units digit of 1913?
3
What is the thousands digit of 1287?
1
What is the units digit of 4630?
0
What is the units digit of 2339?
9
What is the units digit of 99051?
1
What is the units digit of 2598?
8
What is the tens digit of 884?
8
What is the hundreds digit of 7233?
2
What is the tens digit of 2598?
9
What is the hundreds digit of 629?
6
What is the tens digit of 1520?
2
What is the tens digit of 2427?
2
What is the thousands digit of 8149?
8
What is the hundreds digit of 72162?
1
What is the thousands digit of 7057?
7
What is the hundreds digit of 734?
7
What is the tens digit of 1094?
9
What is the units digit of 5269?
9
What is the tens digit of 74370?
7
What is the hundreds digit of 13798?
7
What is the thousands digit of 10768?
0
What is the thousands digit of 23668?
3
What is the thousands digit of 2678?
2
What is the ten thousands digit of 172132?
7
What is the tens digit of 69756?
5
What is the thousands digit of 1281?
1
What is the tens digit of 4642?
4
What is the tens digit of 3571?
7
What is the hundreds digit of 1149?
1
What is the tens digit of 39529?
2
What is the units digit of 1935?
5
What is the units digit of 930?
0
What is the hundreds digit of 7663?
6
What is the thousands digit of 4041?
4
What is the hundreds digit of 70014?
0
What is the thousands digit of 1209?
1
What is the hundreds digit of 425?
4
What is the units digit of 7605?
5
What is the thousands digit of 22636?
2
What is the units digit of 14606?
6
What is the units digit of 5348?
8
What is the hundreds digit of 167134?
1
What is the ten thousands digit of 22891?
2
What is the thousands digit of 1445?
1
What is the units digit of 2943?
3
What is the tens digit of 12878?
7
What is the ten thousands digit of 42858?
4
What is the tens digit of 15375?
7
What is the thousands digit of 43996?
3
What is the units digit of 9662?
2
What is the tens digit of 4451?
5
What is the ten thousands digit of 36206?
3
What is the thousands digit of 2188?
2
What is the hundreds digit of 6008?
0
What is the units digit of 3914?
4
What is the units digit of 1926?
6
What is the thousands digit of 10831?
0
What is the tens digit of 9980?
8
What is the hundreds digit of 1816?
8
What is the thousands digit of 10409?
0
What is the units digit of 369?
9
What is the tens digit of 897?
9
What is the hundreds digit of 2841?
8
What is the units digit of 44661?
1
What is the tens digit of 649?
4
What is the tens digit of 1502?
0
What is the hundreds digit of 41323?
3
What is the units digit of 3819?
9
What is the hundreds digit of 7409?
4
What is the thousands digit of 39206?
9
What is the units digit of 1937?
7
What is the thousands digit of 4504?
4
What is the thousands digit of 9108?
9
What is the tens digit of 3262?
6
What is the thousands digit of 25561?
5
What is the thousands digit of 185894?
5
What is the thousands digit of 40085?
0
What is the hundreds digit of 20397?
3
What is the hundreds digit of 2425?
4
What is the hundreds digit of 1652?
6
What is the units digit of 5075?
5
What is the tens digit of 20616?
1
What is the hundreds digit of 5511?
5
What is the hundreds digit of 7757?
7
What is the ten thousands digit of 68927?
6
What is the units digit of 73959?
9
What is the tens digit of 938?
3
What is the tens digit of 417?
1
What is the hundreds digit of 6361?
3
What is the units digit of 42950?
0
What is the hundreds digit of 8180?
1
What is the ten thousands digit of 49488?
4
What is the hundreds digit of 6275?
2
What is the tens digit of 88247?
4
What is the thousands digit of 167049?
7
What is the units digit of 34391?
1
What is the hundreds digit of 36159?
1
What is the tens digit of 26296?
9
What is the thousands digit of 1408?
1
What is the thousands digit of 1251?
1
What is the units digit of 12591?
1
What is the tens digit of 3073?
7
What is the hundreds digit of 1278?
2
What is the hundreds digit of 662?
6
What is the hundreds digit of 108?
1
What is the ten thousands digit of 89757?
8
What is the ten thousands digit of 70905?
7
What is the hundreds digit of 7806?
8
What is the units digit of 915?
5
What is the tens digit of 21?
2
What is the thousands digit of 1683?
1
What is the hundreds digit of 320?
3
What is the thousands digit of 3469?
3
What is the hundreds digit of 8293?
2
What is the tens digit of 320?
2
What is the units digit of 7232?
2
What is the units digit of 1648?
8
What is the hundreds digit of 419?
4
What is the units digit of 360?
0
What is the hundreds digit of 18477?
4
What is the thousands digit of 6875?
6
What is the hundreds digit of 8209?
2
What is the thousands digit of 1604?
1
What is the thousands digit of 5627?
5
What is the hundreds digit of 10065?
0
What is the thousands digit of 16638?
6
What is the hundreds digit of 3761?
7
What is the hundreds digit of 21121?
1
What is the tens digit of 49167?
6
What is the hundreds digit of 1331?
3
What is the units digit of 1494?
4
What is the hundreds digit of 49416?
4
What is the thousands digit of 1277?
1
What is the hundreds digit of 85400?
4
What is the hundreds digit of 1843?
8
What is the hundreds digit of 508?
5
What is the tens digit of 602?
0
What is the tens digit of 2339?
3
What is the units digit of 2080?
0
What is the tens digit of 2050?
5
What is the thousands digit of 1375?
1
What is the hundreds digit of 302?
3
What is the units digit of 21213?
3
What is the units digit of 48766?
6
What is the units digit of 77260?
0
What is the units digit of 409?
9
What is the units digit of 12?
2
What is the thousands digit of 8767?
8
What is the units digit of 198?
8
What is the units digit of 10978?
8
What is the hundreds digit of 21686?
6
What is the units digit of 20370?
0
What is the ten thousands digit of 40105?
4
What is the hundreds digit of 16905?
9
What is the tens digit of 1115?
1
What is the tens digit of 11324?
2
What is the hundreds digit of 2762?
7
What is the units digit of 58671?
1
What is the units digit of 3455?
5
What is the tens digit of 1429?
2
What is the hundred thousands digit of 139025?
1
What is the tens digit of 955?
5
What is the ten thousands digit of 12246?
1
What is the hundreds digit of 826?
8
What is the units digit of 28789?
9
What is the units digit of 1305?
5
What is the units digit of 2979?
9
What is the tens digit of 28621?
2
What is the tens digit of 5587?
8
What is the hundreds digit of 977?
9
What is the ten thousands digit of 44452?
4
What is the tens digit of 1496?
9
What is the tens digit of 90333?
3
What is the tens digit of 5948?
4
What is the tens digit of 141552?
5
What is the hundreds digit of 287?
2
What is the units digit of 545?
5
What is the ten thousands digit of 10349?
1
What is the tens digit of 4823?
2
What is the hundreds digit of 1414?
4
What is the hundreds digit of 9380?
3
What is the units digit of 1982?
2
What is the hundreds digit of 4583?
5
What is the units digit of 2896?
6
What is the hundreds digit of 5876?
8
What is the tens digit of 8090?
9
What is the units digit of 40936?
6
What is the units digit of 2467?
7
What is the hundreds digit of 4303?
3
What is the hundreds digit of 4519?
5
What is the tens digit of 203?
0
What is the tens digit of 1033?
3
What is the thousands digit of 2908?
2
What is the hundreds digit of 1801?
8
What is the hundreds digit of 900?
9
What is the thousands digit of 6293?
6
What is the units digit of 6764?
4
What is the units digit of 571?
1
What is the hundreds digit of 8627?
6
What is the units digit of 2343?
3
What is the tens digit of 6